{"id":5268,"date":"2022-06-28T21:21:14","date_gmt":"2022-06-29T00:21:14","guid":{"rendered":"https:\/\/isp-sal.infd.edu.ar\/sitio\/?page_id=5268"},"modified":"2025-10-17T01:28:13","modified_gmt":"2025-10-17T04:28:13","slug":"autoridades","status":"publish","type":"page","link":"https:\/\/isp-sal.infd.edu.ar\/sitio\/autoridades\/","title":{"rendered":"AUTORIDADES"},"content":{"rendered":"\n<ul id=\"block-adf93141-0740-439e-a834-e9c307c5deaf\">\n<li><strong>RECTORA NORMALIZADORA<\/strong>: Prof. Carolina Cibantos<\/li>\n\n\n\n<li><strong>COORDINADORA<\/strong> <strong>PEDAG\u00d3GICA A\/C: <\/strong>Prof. Olga L\u00f3pez Cross<\/li>\n\n\n\n<li><strong>COORDINADORES POR CARRERA<\/strong>:<\/li>\n\n\n\n<li><strong><strong>Turno Ma\u00f1ana<\/strong><\/strong>\n<ul>\n<li>Profesorado De Educaci\u00f3n Secundaria en&nbsp;<strong>F\u00edsica<\/strong>: Prof. Vitulli Daniel<\/li>\n<\/ul>\n<\/li>\n\n\n\n<li><strong>Turno Tarde<\/strong>\n<ul>\n<li>Profesorado De Educaci\u00f3n Secundaria en&nbsp;<strong>Matem\u00e1tica<\/strong>: Prof. Casta\u00f1ares Ismael<\/li>\n\n\n\n<li>Profesorado De Educaci\u00f3n Secundaria en&nbsp;<strong>Qu\u00edmica<\/strong>: Prof. L\u00f3pez Cross Olga<\/li>\n\n\n\n<li>Tecnicatura Superior en Administraci\u00f3n con Orientaci\u00f3n en&nbsp;<strong>Gesti\u00f3n de Proyectos<\/strong>: Prof. Juan Jos\u00e9 Escandell<\/li>\n<\/ul>\n<\/li>\n\n\n\n<li><strong>Turno Noche<\/strong>\n<ul>\n<li>Profesorado De Educaci\u00f3n Secundaria en<strong>&nbsp;Biolog\u00eda<\/strong>: Prof. Fern\u00e1ndez Gladys<\/li>\n\n\n\n<li>Profesorado De Educaci\u00f3n Secundaria en&nbsp;<strong>Historia<\/strong>:<strong> <\/strong>Prof. Cossio Luis<\/li>\n\n\n\n<li>Profesorado De Educaci\u00f3n Secundaria en&nbsp;<strong>Matem\u00e1tica<\/strong>: Prof. Casta\u00f1ares Ismael<\/li>\n\n\n\n<li>Profesorado De Educaci\u00f3n Secundaria en&nbsp;<strong>Geograf\u00eda<\/strong>: Prof. Aban Flavio<\/li>\n\n\n\n<li>Tecnicatura Superior en&nbsp;<strong>Turismo<\/strong>: Prof. Mercado Carolina<\/li>\n\n\n\n<li>Tecnicatura Superior en Administraci\u00f3n con Orientaci\u00f3n en&nbsp;<strong>Comercializaci\u00f3n<\/strong>: Prof. Almaraz Claudio<\/li>\n<\/ul>\n<\/li>\n\n\n\n<li><strong>SECRETARIA:<\/strong>\n<ul>\n<li><strong>TURNO MA\u00d1ANA, TARDE, NOCHE: <\/strong>Rebeca Barranco<\/li>\n<\/ul>\n<\/li>\n<\/ul>\n","protected":false},"excerpt":{"rendered":"","protected":false},"author":1526,"featured_media":0,"parent":0,"menu_order":0,"comment_status":"closed","ping_status":"closed","template":"","meta":[],"acf":[],"_links":{"self":[{"href":"https:\/\/isp-sal.infd.edu.ar\/sitio\/wp-json\/wp\/v2\/pages\/5268"}],"collection":[{"href":"https:\/\/isp-sal.infd.edu.ar\/sitio\/wp-json\/wp\/v2\/pages"}],"about":[{"href":"https:\/\/isp-sal.infd.edu.ar\/sitio\/wp-json\/wp\/v2\/types\/page"}],"author":[{"embeddable":true,"href":"https:\/\/isp-sal.infd.edu.ar\/sitio\/wp-json\/wp\/v2\/users\/1526"}],"replies":[{"embeddable":true,"href":"https:\/\/isp-sal.infd.edu.ar\/sitio\/wp-json\/wp\/v2\/comments?post=5268"}],"version-history":[{"count":12,"href":"https:\/\/isp-sal.infd.edu.ar\/sitio\/wp-json\/wp\/v2\/pages\/5268\/revisions"}],"predecessor-version":[{"id":7687,"href":"https:\/\/isp-sal.infd.edu.ar\/sitio\/wp-json\/wp\/v2\/pages\/5268\/revisions\/7687"}],"wp:attachment":[{"href":"https:\/\/isp-sal.infd.edu.ar\/sitio\/wp-json\/wp\/v2\/media?parent=5268"}],"curies":[{"name":"wp","href":"https:\/\/api.w.org\/{rel}","templated":true}]}}